 - j/(-30)?
8
Let c = -37 + 6. Let f = -28 - c. Suppose f*j - 43 = 83. What is the units digit of j?
2
What is the thousands digit of 10 + 5*12/(-30) + 5716?
5
Let h = 357 - -2612. What is the units digit of h?
9
What is the ten thousands digit of 22 + -8 + (3 - -48497)?
4
Let r(l) = 537*l**2 + l + 2. Let h = 203 + -204. What is the tens digit of r(h)?
3
Suppose -3*w = q - 23629, 443*q + 7883 = w + 442*q. What is the thousands digit of w?
7
What is the hundreds digit of (-6 + -4 + 3 - 49606/(-2))*1?
7
Suppose 5*n = 4*j - 55, -2*j - 77 + 87 = 0. Let s(b) = 11*b + 2*b + 2*b**2 - b + 16. What is the tens digit of s(n)?
3
Suppose -44982 = -5*g + 2*f, -4*g - 268*f + 271*f = -35987. What is the tens digit of g?
9
Suppose -4*i - 5*v + 108985 = 0, 0 = 4*i + 1330*v - 1335*v - 109015. What is the units digit of i?
0
What is the units digit of (38276/(-112))/(0 - (-4)/(-48))?
1
Let f(d) = 2*d**3 - 22*d**2 + 20*d + 79. What is the thousands digit of f(20)?
7
Suppose -6*c + 2154 = -6810. Suppose 43*v - 49*v + c = 0. What is the units digit of v?
9
Suppose 3007 = 14*t - 81707. What is the hundreds digit of t?
0
What is the ten thousands digit of 85453/3 - 0 - (18 + (-1908)/108)?
2
Let u(v) = v**3 + 14*v**2 + v + 15. Let a = -46 + 40. Let l be u(a). Suppose 5*g + 2*p = 279 + l, -5*g - 3*p = -579. What is the hundreds digit of g?
1
Let w(k) = k**2 + 7*k + 7. Let m be w(-1). What is the hundreds digit of m*(0 - 5) - -277?
2
Let p(a) = a**3 + 3*a**2 - 11. Let k be p(-4). What is the units digit of (-25890)/k - 4/(-36)?
9
Let k(x) = -193*x + 637. What is the units digit of k(-7)?
8
Let d be (-4)/10 - (-2)/5. Let j(p) = 10*p + 2*p + 3 + 210 + 17*p - 28*p. What is the units digit of j(d)?
3
Suppose 42*u - 55799 - 63103 = 0. What is the thousands digit of u?
2
Let o be (4 - 4)/((-42)/(-7) - 3). Suppose 1122 = 2*r + 5*x, 5*r - 3*x - 1415 - 1328 = o. What is the hundreds digit of r?
5
Let j(b) = 3*b - 41. Let o be j(25). What is the hundreds digit of 1396/5 + o/(-170)?
2
Let h(u) = -53 + 10*u + 14*u + u**2 + 98. Let m be h(-27). Suppose 0 = 4*i - 10*i + m. What is the tens digit of i?
2
Let b(o) = o**3 + 10*o**2 - 14*o - 3. Let s be b(-11). Suppose -6*v + s = -9*v. What is the tens digit of 68*((-7)/(-70) - 4/v)?
3
Let a = -102 - -86. What is the units digit of (a + 21)/((-1)/(-178))?
0
Suppose -4*u + 38 = -3*b, -3*u - 3*b = 2*u - 34. Let c(z) = -u*z - 16 + 11 + 15 - 2*z. What is the units digit of c(-12)?
0
Suppose -83*h = -95*h + 54456. What is the thousands digit of h?
4
Let d be (-10)/2 + 1 + 471. Suppose 0 = -u + 3*t + 89, -d + 175 = -4*u - 4*t. What is the units digit of u?
7
Let n be 4 + (-91648)/(-36) + 2/9. Suppose -10*h + n = -5*h. Suppose 9*i - 183 = h. What is the units digit of i?
7
Let w = 25 - 40. Let p be (0 - -1)*w/5. What is the tens digit of p*4/12 - -27?
2
Let z(y) = -46*y + 12. Let o(a) = -a**2 - 18*a - 4. Let d be o(-18). What is the units digit of z(d)?
6
What is the tens digit of (1368 - -6)*(-8 + 10)?
4
Let i(h) = 2022*h**3 + 7*h - 5. What is the tens digit of i(1)?
2
Let o be ((-28894)/4)/(21/(-14) - -1). Suppose 0 = -13*w + o - 3683. What is the tens digit of w?
2
Suppose -32 = 6*m + 2*m. Let y(i) = 13*i**2 - 5*i - 8. Let o be y(m). Let u = -128 + o. What is the units digit of u?
2
Suppose 0 = -4*p - 5*z + 5619, -2*p + 23*z = 18*z - 2847. What is the hundreds digit of p?
4
Suppose -5*p = -3*p + 610. Let k be p*(178/(-70) + 5/35). Suppose 13*g - 7*g - k = 0. What is the units digit of g?
2
Let i be 2 + -5 - -5 - 1. What is the units digit of (-6)/4*(i + 9042/(-18))?
2
Let r be 12/(45/51 - 1). Let l = 165 + r. Let q = 144 - l. What is the units digit of q?
1
Suppose -2*x = y - 2197, -x = -0*x - y - 1100. What is the hundreds digit of x?
0
Let y = 39655 + 408. What is the units digit of y?
3
Let y be ((-42)/(-6 - 1))/2. Suppose -13*r + 5492 = 5*k - 10*r, -y*k + 3268 = -5*r. What is the tens digit of k?
9
Let u = -959 + 965. Suppose -2*f + u*f = -5*n + 6737, 0 = -n + 5. What is the thousands digit of f?
1
Let t(m) = -5*m**2 + 779*m - 227. What is the ten thousands digit of t(112)?
2
Suppose -4*k + 0*k + 4 = 0. What is the hundreds digit of 790 - k/(6/(-30))?
7
Let s = -115 - -131. Let a be (-3)/((-30)/s) - (-26)/65. Let j(o) = 33*o + 3. What is the units digit of j(a)?
9
Suppose 35 + 5 = 8*q. Suppose -4*l = q*g - 493, -2*l + g + 241 = -2*g. What is the units digit of (l - -5) + (2 - -1)*1?
0
Let l = 184 + -180. Suppose l*w = -w + 2390. What is the hundreds digit of w?
4
Let j be (-4)/(-10) - (-2146)/185. Suppose -4*b + 72 = 3*n + n, -4*n = 3*b - 71. Suppose 190 = n*l - j*l. What is the tens digit of l?
3
Let f = 72526 + -16290. What is the ten thousands digit of f?
5
Suppose 21 - 5 = 2*o + 4*i, i - 6 = -o. Suppose -o - 2 = -2*g - d, -3*d = 4*g - 14. Suppose g*q - 2 = -5*c + 102, 57 = q + 5*c. What is the tens digit of q?
4
Let y(t) = -10*t - 24. Let q be y(-9). Suppose 165 = b - q. What is the tens digit of b?
3
Let k = 47 + 189. What is the units digit of ((-1)/((-1)/k))/(89 + -87)?
8
Let v(o) = -o**3 + 10*o**2 + 10*o + 15. Let z be v(11). Suppose p - 427 = 3*c, z*p = 4*c - 951 + 2635. What is the units digit of p?
8
Suppose -34*p = -p - 1683. Suppose -3*v = -36 - p. What is the tens digit of v?
2
Suppose -2*i + 1964 = -4*w - 1006, -2*w + 2*i - 1484 = 0. Let r = 1102 + w. What is the hundreds digit of r?
3
Let x = 27 - 29. Let b(s) = -3*s - 2. Let r be b(x). Suppose -200 = -r*c + 4*w, -w + 52 = 3*c - 2*c. What is the tens digit of c?
5
Let u = -196 + 627. Let a = 315 + u. What is the hundreds digit of a?
7
Let c = 25 - 34. Let d(o) = o**3 + 8*o**2 - 8*o + 9. Let s be d(c). Let u(v) = -v**3 - v**2 - 2*v + 59. What is the tens digit of u(s)?
5
Suppose 0 = -4*c + 30752 + 3084. What is the units digit of c?
9
Let q(u) = -33*u - 36. Let n(s) = -2*s - 1. Let p(j) = 2*n(j) - 2*q(j). What is the units digit of p(3)?
6
Let r be -3 + -2 + 1 + 2. Let k be ((-1)/r)/(12/(-2448)). What is the tens digit of 68/k + -2*(-1198)/12?
9
Suppose 4*w + 55*w + 196223 - 544913 = 0. What is the thousands digit of w?
5
Suppose 0*r + r - 9 = -4*x, -3*r - x = -16. Let o(u) = 9*u + 18*u + 9 - 3*u - 2. What is the hundreds digit of o(r)?
1
Let i = -7152 - -9875. What is the hundreds digit of i?
7
Let h(g) = -g**3 - 7*g**2 - 9*g - 14. Let a be h(-6). Suppose c - 645 = -2*v, a*c - 8 = 4. What is the units digit of v?
1
Let l(g) = 4*g**3 - 24*g**2 + 241*g + 155. What is the ten thousands digit of l(22)?
3
Let f(c) = 163*c**2 - 163*c - 1085. What is the units digit of f(-7)?
3
Suppose 156*z - 1802159 = 192457. What is the units digit of z?
6
Suppose -61*r = -106*r + 51*r - 15978. What is the hundreds digit of r?
6
Let o = 11409 - 2000. What is the tens digit of o?
0
Let x = 109 + -135. Let q be (x/(-78))/((-1)/15). What is the units digit of (-13)/q - ((-294)/35 + 8)?
3
Let g be (-6)/(-21) + (-23250)/(-14). Suppose -g = 11*r - 6215. What is the hundreds digit of r?
4
Suppose 0 = -178*q + 176*q - 16. Let d(y) = -y**3 + 5*y**2 - 14*y - 27. What is the tens digit of d(q)?
1
Let q(j) = -136*j + 1. Let w be q(1). Let b be (w/(-75))/((-3)/10). What is the units digit of ((-120)/b)/(1/9) - 4?
6
Let t be -12*((-3)/(-2))/(-3). Let h(f) = -24*f - 15*f - t*f - 27 - f. What is the units digit of h(-4)?
7
Let d(w) = 96*w**2 - 15*w - 11. Suppose 6*b - 8 = 2*b + y, 2*y + 4 = 4*b. What is the units digit of d(b)?
8
What is the hundreds digit of ((-8)/10)/((-144)/2953800) + -6?
4
Suppose -19*d = -73*d - 52*d + 1329134. What is the hundreds digit of d?
5
Suppose -2*w - 3*g + 3589 = 0, -15*g + 13*g = -3*w + 5351. Suppose 4*s = w + 225. What is the hundreds digit of s?
5
Let z = -126992 - -180670. What is the hundreds digit of z?
6
Let l(v) = -28*v + 4. Let n(s) = s**2 - 57*s + 9. Let k(j) = 5*l(j) - 3*n(j). What is the units digit of k(10)?
3
Suppose 34*w = 37*w - 6. Suppose -932 = -4*x - 4*p, w*p = -x + 18 + 217. Let z = -89 + x. What is the hundreds digit of z?
1
Suppose -24*k - 42 - 150 = 0. Let j(x) = 5*x**2 + 10*x - 4. What is the units digit of j(k)?
6
Suppose -u = 2*j - 10, 14*j = 19*j - 3*u - 47. Suppose 17*z + j*z = 25104. What is the tens digit of z?
4
Let g = -14549 - -29555. What is the hundreds digit of g?
0
Let m = -20 + 22. Suppose m*k + 5 = 9. Suppose k*p = 82 + 80. What is t